
Suppose -3*r = -18 + 3. What are the prime factors of r?
5
Let g(x) = 5*x - 3*x + 5*x**3 - 1 + 8*x**3 + x**3. List the prime factors of g(1).
3, 5
Let w(l) = l**2 + 7*l - 5. Let a be w(-8). Suppose -a*d - 6 = -30. List the prime factors of d.
2
Let t(n) = -2*n**2 + 33*n - 10. List the prime factors of t(13).
3
Suppose -2*y - 4 = -2*w, -3*w + 4*y - 16 = -5*w. Suppose 6*c - 3 = 3*c. Suppose p = w + c. List the prime factors of p.
5
Suppose 564 = 2*b + b. Suppose -b = -5*a + 97. Suppose 3*d - 63 = -g, -2*d = -5*d - 3*g + a. List the prime factors of d.
2, 11
List the prime factors of 9/(-12) + 92/16.
5
Let d = -5 - -10. What are the prime factors of d?
5
Let l = -6 - -13. Suppose 4*a - 36 = 2*t, 0*a + 34 = 2*a + 3*t. Suppose 0 = 2*y - 3*g - 22, y - 2*g - a = -l*g. List the prime factors of y.
11
Suppose -203 = -4*f + 29. What are the prime factors of f?
2, 29
Let u = 1 + 3. Suppose w + 1 = 0, b - 4*w + 0 = u. List the prime factors of b + (-5)/(10/(-4)).
2
Suppose 2*p + 0*p - 26 = 0. What are the prime factors of p?
13
Let s(f) = 3*f**3 - 4 - f**3 - 5*f + 3*f**2 - f**3. Let j(i) = i**2 + 5*i + 1. Let g be j(-4). What are the prime factors of s(g)?
11
Let f = 59 + -35. Suppose 140 = 4*r + f. List the prime factors of r.
29
List the prime factors of (-58)/(4*1/(-2)).
29
List the prime factors of 1 - (-354)/(-4)*4/(-6).
2, 3, 5
Suppose 3*l + 0 - 6 = 0. Suppose -l*k + 2*c + 12 = 0, -k + 12 = 3*c - 7*c. Suppose -k*p = -17 - 19. List the prime factors of p.
3
Suppose 5*c - 22 = 5*v + 93, v - 145 = -5*c. What are the prime factors of c?
2, 7
Let f = 11 - 33. Let c be 58/(-5) - (-6)/(-15). Let a = c - f. List the prime factors of a.
2, 5
Suppose o - 3 = 1. Suppose -l = o*p + 2*l + 59, 0 = -5*p - 4*l - 75. What are the prime factors of (-2*1 - p) + 2?
11
Let s be ((-16)/(-6))/2*3. Let h be -2 - -4*(-2)/(-4). Suppose s*o - 8*o + 56 = h. List the prime factors of o.
2, 7
Let r(y) = 2*y**2 - 5*y + 1. List the prime factors of r(9).
2, 59
Let o(x) = -x**3 + 14*x**2 - 14*x + 18. Let q be o(13). Let h(z) = z**2 - 2*z + 4. What are the prime factors of h(q)?
19
Suppose 0 = 5*j - 5*o - 3 + 18, 0 = -3*j + 2*o - 10. List the prime factors of 10 + (-1)/((-4)/j).
3
Let i(o) = -o**3 - o**2. Let g(c) = 5*c**3 + 4*c**2 + 2*c + 4. Let d(s) = g(s) + 6*i(s). Let m = 3 - 6. What are the prime factors of d(m)?
7
List the prime factors of ((-34)/(-3))/((-6)/(-9)).
17
Let b be 0/(0/3 - 1). Suppose b = 4*u - 34 - 18. What are the prime factors of u?
13
Suppose 4*g - 2*b - 2*b - 72 = 0, -5*g = -3*b - 94. Suppose -3*i = -4 - g. What are the prime factors of i?
2
Let x(u) = u**2 + 5*u + 5. Let k be x(-5). Suppose -60 = -k*r + r. What are the prime factors of r?
3, 5
What are the prime factors of (-21)/84 + 293/4?
73
List the prime factors of 5448/56 + 2/14*-2.
97
Let m(o) = -o**2 - 13*o + 17. What are the prime factors of m(-13)?
17
Let w = -11 + 34. Suppose -4*c - 3 = -w. Suppose 14 = -p - 4*h + 37, -c*p + h = -10. List the prime factors of p.
3
Let z = 3 + -1. Suppose -z*o + 8 = -3*g + 23, 2*g + 66 = -5*o. What are the prime factors of (o/(-10))/(3/10)?
2
Let f = -4 + 1. Let j be -1 + (3 - f - -1). Let m = 0 + j. List the prime factors of m.
2, 3
What are the prime factors of 13*12 - 3 - -3?
2, 3, 13
Let l(z) = 7*z**2 - 5*z - 2. Let j(b) = 15*b**2 - 10*b - 3. Let s(q) = -6*j(q) + 13*l(q). Let w be s(6). Let k = w + 13. What are the prime factors of k?
11
Let x(n) = 2*n**3 + 22*n**2 + 2*n + 26. Let q(w) = -w**3 - 11*w**2 - w - 13. Let z(c) = -13*q(c) - 6*x(c). What are the prime factors of z(-11)?
2
Let w(m) = -7*m**2 + 7*m + 6. Let q(i) = -i - 1. Let s(p) = -6*q(p) - w(p). What are the prime factors of s(1)?
2, 3
Let k = -23 - -77. Suppose h = 4*h - k. List the prime factors of h.
2, 3
Suppose 2*f - 21 = u + 6*f, -5*f - 33 = 2*u. Let m = 20 + u. Let k = m + 2. What are the prime factors of k?
13
Let n(u) = 9*u**3 + u - 1. Let i be n(1). Let c = -5 - -12. Suppose i = c*g - 4*g. List the prime factors of g.
3
Let a = 10 + -37. Let g = -19 - a. List the prime factors of g.
2
Let n = 953 - 468. List the prime factors of 2/(-5) + n/25.
19
Let b(d) = d**3 + 3*d**2 - d - 2. Suppose -5*z = 7 + 3. List the prime factors of b(z).
2
Suppose s = 7 - 4. Suppose -5*h - 8 = 4*u, -6*u - s*h = -u - 3. Suppose 3 = 3*p + 3*i, -u*p - p = 5*i - 2. What are the prime factors of p?
3
Let p(j) = j**2 + 9*j + 3. Let a be p(-9). Suppose -4*h = -a*n - 113, -2*h + 23 = -5*n - 16. Suppose -m = -5*m + h. What are the prime factors of m?
2
Let v(m) = 10*m. Let p be v(5). What are the prime factors of p/(-4)*8/(-10)?
2, 5
Suppose -2*x + 4 + 0 = 0. Suppose 3*a - 2 = -b + 4, -x*a + 3*b = 7. What are the prime factors of a*6*(-6)/(-9)?
2
List the prime factors of (-4)/10 + 3030/75.
2, 5
Let c(o) = o**2 + 4*o + 2. Let w be c(-4). Suppose w*v = 6*v - 8. Suppose v*z - 5*z = -36. What are the prime factors of z?
2, 3
Suppose -4*h + 245 = 5*z - 12, 2*h - 124 = 2*z. List the prime factors of h.
3, 7
Suppose 6*v + 7 = 145. What are the prime factors of v?
23
Let r(y) = 5*y**2. Let n be r(1). Suppose n*q = i - 2*i + 62, 2*i = -3*q + 33. List the prime factors of q.
13
Suppose 22 = -3*u + t, -3*u - 4*t = t + 16. Let h = 32 + u. What are the prime factors of h?
5
Suppose -n + 3*a = -5*n, -5*a = -5*n. List the prime factors of (n - 6)/(2 - 4).
3
What are the prime factors of -2 + 148/4 + 2?
37
Suppose -k = 0, 4*c - 5*k + 0*k = 160. List the prime factors of c.
2, 5
What are the prime factors of (-2)/10 - (-12096)/80?
151
Suppose -111 + 1 = -5*c. What are the prime factors of c?
2, 11
Let w = 9 + -6. Suppose 4*h - 7 - 17 = 0. Let f = h - w. List the prime factors of f.
3
Let j = -30 - -30. Suppose 4*g - 2*g - 16 = j. List the prime factors of g.
2
Let a(x) = -x**2 - 6*x + 17. Let z be a(-7). List the prime factors of (15/z)/((-6)/(-80)).
2, 5
Suppose n + 272 = 3*f - n, 5*f + n = 449. What are the prime factors of f?
2, 3, 5
Let g(h) = -2*h - 8. Let r(m) = -m**3 - 3*m**2 + 3*m + 2. Let x be 2*(2 - 14/4). Let k be r(x). List the prime factors of g(k).
2, 3
Let s(r) = 305*r**2 + 1. What are the prime factors of s(-1)?
2, 3, 17
Suppose 4*c = x + 5, 12 + 9 = 3*c + 5*x. Suppose -3*g + 10 = 2*r, g - 2*g - 2*r = -c. List the prime factors of g.
2
Suppose -7*t + 3*t + 5*o - 88 = 0, o = -2*t - 44. What are the prime factors of t/(-55) - 26/(-10)?
3
Let j(o) = -5*o**3 + 2*o - 1. Let t be j(1). Let n(c) = 8*c - 9. Let x(m) = m - 1. Let h(u) = -n(u) + 6*x(u). List the prime factors of h(t).
11
What are the prime factors of 0 - (-48 - (-6)/3)?
2, 23
Suppose -5*w + 0*w + 15 = 0. Suppose -44 = 4*t + q, -3*t - 13 = w*q + 11. List the prime factors of (t/8)/((-6)/64).
2
What are the prime factors of (-616)/35*10/(-4)?
2, 11
Let h(p) = 6*p - 4. List the prime factors of h(6).
2
Suppose u = 10*u - 1386. List the prime factors of u.
2, 7, 11
Suppose 0 = -3*p - 5*r - 25, 0*r + 5*r + 25 = 3*p. Let x = -46 - -64. Suppose p = -4*l + 6*l - x. List the prime factors of l.
3
Suppose 2*v - r = 50, 5*r = v + 3*v - 112. Suppose p = 2*n - 5, 4*p + 13 = 3*n - 17. Let b = p + v. List the prime factors of b.
2, 7
Let s(t) = -2 + 4 - 3*t + 4*t + 0*t. What are the prime factors of s(5)?
7
Let t(w) = 4 - 3*w + 4*w - 25*w**2 + 26*w**2. List the prime factors of t(5).
2, 17
Suppose -4*p = -2*v - v - 403, -15 = 3*v. What are the prime factors of p?
97
Let q = 22 - 39. Let w = q - -26. What are the prime factors of w?
3
Let n be (-2)/7 - 8/(-28). Let c(i) = -i + 36. Let a be c(n). What are the prime factors of (4/6)/(8/a)?
3
Let n = 68 - 48. List the prime factors of n.
2, 5
Let t(j) = 12*j. Let z(m) = -m**3 + 7*m**2 - 3*m**2 - m**2 - m + 4. Let k be z(3). List the prime factors of t(k).
2, 3
Let o = 2 - 2. Suppose p - 14 = 4*r, o = 3*p + p - 3*r - 4. Let c(k) = -3*k + 2. What are the prime factors of c(p)?
2
Let l = -7 - -12. What are the prime factors of l?
5
List the prime factors of 3/12 + 79/4.
2, 5
Suppose 4*b - 2*p = 130, -68 = -5*b - 3*p + 100. What are the prime factors of b?
3, 11
Let f = 76 + 7. List the prime factors of f.
83
Suppose 0 = 3*l + 3*m, 6 + 4 = 5*l + 3*m. Let s = 64 - 34. Suppose 2*v = l*v - s. What are the prime factors of v?
2, 5
Suppose -2*h = 3*h - 155. Let o = -12 + h. What are the prime factors of o?
19
Let l(d) be the second deri